se 2*t = -3*u + 43, -t + 80 = 3*t + 4*u. Let n(y) = 2*y + 65. Let k be n(t). What is the greatest common divisor of k and 66?
33
Let y = 590 + -527. Suppose -557 + 47 = 5*o. Let u be (-462)/y*o/4. What is the greatest common factor of u and 17?
17
Let z(y) = -2*y**2 - 29*y - 59. Let f be z(-9). What is the highest common factor of f and 1220?
20
Suppose -5*a = -5, a = -m + 4*a + 11. Suppose 3*d + 101 = m. Let y = 33 + d. What is the highest common divisor of y and 1?
1
Let v = 40 + -25. Let h be 12*v/(-2)*-2. Suppose 163 = 4*j - 4*y + 59, 3*j - 38 = -2*y. What is the greatest common factor of h and j?
18
Suppose -t - 3*m + 16 + 1 = 0, 2*m = 5*t. Let b be (29 + 1)*t/6. Suppose b*d - 891 = d. What is the highest common factor of 9 and d?
9
Suppose -49937 - 3963 = -5*x. What is the greatest common factor of x and 80?
20
Let b = 23367 - 14153. Calculate the greatest common factor of 17 and b.
17
Suppose 0 = 3*m + 2*o - 5141, -11*m + 6*m - o + 8573 = 0. Calculate the greatest common factor of 5 and m.
5
Suppose 11*t - 712 = -2*x, -x + 40*t - 38*t = -341. What is the greatest common divisor of 5244 and x?
69
Let h(r) = r**2 - 28*r + 243. Let o be h(28). What is the greatest common divisor of o and 6237?
81
Suppose -6278 = -5*a - 4*s, -s = 268*a - 273*a + 6268. What is the highest common factor of 684 and a?
114
Let c be 44/(-33) - (9660/9)/(-7). Calculate the highest common divisor of 228 and c.
76
Let m be 880/(-50)*(-3)/(6/10). Let g = -86 + m. Suppose -g*n + v + 0*v + 285 = 0, 3*n + 2*v = 438. Calculate the greatest common factor of n and 96.
48
Let j be (1 - -1)*-1 - 2. Let l(c) = -c**3 - 316437*c - 12 + c**3 - c**3 - 4*c**2 + 316431*c. Let t be l(j). Calculate the greatest common factor of t and 8.
4
Let q = 2969 - 2528. What is the highest common divisor of 14 and q?
7
Let j be ((7616/(-42))/4)/(2/(-9)). What is the highest common factor of j and 68?
68
Let u be 216/45*455/52. Calculate the highest common divisor of u and 4053.
21
Let n(r) = 7*r**3 + 37*r**2 + 2*r - 13. Let g be n(-5). Suppose 4*c - 9 = 3*c. Calculate the highest common factor of g and c.
9
Suppose 15*p - 21*p + 972 = 0. Calculate the greatest common factor of 1863 and p.
81
Let f be (2052/513)/(8/6). What is the highest common divisor of f and 2271?
3
Let z = -505 - -1235. Suppose -2860*o = -2909*o + 490. Calculate the highest common divisor of o and z.
10
Suppose 630 = n + 9*n. Let k = -35 + n. Suppose k*s - 50 = 26*s. Calculate the highest common factor of 225 and s.
25
Let u = -29916 + 29994. What is the highest common divisor of 1508 and u?
26
Let v = -149 + 305. Suppose w + 5*u - 54 = 0, -3*u = -2*w - u + v. What is the greatest common factor of 2 and w?
2
Let t = -2276 - -2281. Suppose k = -8*k + 90. Calculate the highest common divisor of k and t.
5
Let m = -951 + 2798. Let g = m + -1209. What is the highest common factor of g and 58?
58
Let q = -2598 + 3570. Calculate the highest common factor of q and 84.
12
Let i = -702 - -1261. Suppose -9*k + 649 = i. What is the greatest common divisor of 430 and k?
10
Let f(r) = 377*r**2 + 2*r + 2. Let g be f(-1). Let v(w) = w**3 + 21*w**2 + 74*w + 1567. Let i be v(-21). What is the greatest common factor of g and i?
13
Let a be (126/8)/((-5)/(-40)). Let t = 953 - 911. What is the greatest common factor of a and t?
42
Let y = 56 + 9. Let w = -31 + y. Let m be 83/5 - 8/(-20). Calculate the greatest common divisor of m and w.
17
Let r(v) = 31*v + 3. Suppose z + 7 = 5*c + 21, -4*c = 3*z + 15. Let w be r(z). Let k be ((-360)/w)/(1/7). What is the highest common factor of 15 and k?
15
Suppose -5*o + 4*m = -321 - 71, 3*m - 86 = -o. Let q be -33*(3808/42)/(-17). Calculate the highest common factor of q and o.
16
Let k = 35843 + -35528. Calculate the highest common divisor of 5215 and k.
35
Let k(w) = w**3 + 29*w**2 - 31*w + 70. Let m = 24 + -54. Let y be k(m). Let v = y - 70. Calculate the highest common divisor of 30 and v.
30
Let k = -909 - -968. What is the highest common factor of k and 236?
59
Let s be -4 + 69 + 4/2. Suppose 17 = -2*p + s. Let v = 43 - p. Calculate the highest common divisor of v and 12.
6
Let t(a) = -a**3 + 10*a**2 - 11*a - 10. Suppose 8*x + 9 = 9*x. Let l be t(x). Let i = l + 46. What is the greatest common divisor of i and 12?
6
Let r = -3 + 15. Suppose 2348 - 188 = 20*s. Calculate the highest common factor of s and r.
12
Suppose -3*c + 1757 + 617 = n, -4*n + 9475 = 5*c. What is the greatest common factor of 165 and n?
55
Suppose 7*n = 5388 - 1468. Suppose 8*s - 166 = -38. What is the highest common divisor of s and n?
16
Suppose 0 = -4*t - d - 6, -d + 12 = -4*t - 5*d. Let g be 402/(-9)*(35/(-10) + t). Calculate the highest common factor of g and 67.
67
Let c = 11 + 61. Let r = c + -76. Let s be 2 - (r + -3) - -3. Calculate the greatest common divisor of 24 and s.
12
Suppose 5*k + 65 = 4*k. Let q be 9 + -3 + 1 - k. Calculate the greatest common divisor of q and 72.
72
Let v be (-288)/72*23/4*-3. Calculate the greatest common factor of v and 1081.
23
Suppose 0 = 6*t - 5*p - 1077, 5*t + 4*p = 394 + 479. What is the highest common factor of 4189 and t?
59
Suppose -4*w - 3*t = -14, -t - 13 = -3*w + 4. Let g be w*(5 - 96/20). What is the greatest common factor of 17 and g?
1
Let l = -7240 - -7471. What is the greatest common factor of l and 189?
21
Let s be 135 + (1 + -6)*42/35. What is the greatest common divisor of 3 and s?
3
Let c(u) be the second derivative of -u**3/3 + 78*u**2 + 265*u. Let h be c(58). What is the greatest common factor of h and 20?
20
Let b be -3 + 125/45 + (-152)/(-36). Suppose i + 257 = 4*x, b*x + 4*i - 142 = 2*x. Calculate the highest common divisor of x and 10.
5
Let l be 0/(-4 + 2 - -1). Let w be 35 + l/(-3 - -1). Let r = 43 - w. What is the highest common factor of 8 and r?
8
Suppose -24 = 2*d - 0*d. Let w(x) = 240*x. Let g be w(-1). Let c be (2/5)/(d/g). Calculate the highest common factor of c and 8.
8
Suppose -20*z + 18*z - 1012 = 3*d, 2*z = 2*d + 688. Suppose -s = -2 - 0. Let r be s/17 - 5400/d. What is the highest common divisor of 16 and r?
16
Let h be ((-40)/(-24)*15)/(4/940). Calculate the greatest common divisor of h and 47.
47
Let x = -6020 - -6022. What is the highest common divisor of x and 2182?
2
Let y(t) = -t**2 - 26*t + 1215. Let n be y(-49). Calculate the greatest common divisor of n and 5764.
44
Let t be ((-238)/714)/(2/(-1050)). Calculate the highest common factor of 77 and t.
7
Let b(f) = -3*f + 70. Suppose 4*h + 87 = 4*c + 15, 0 = 2*c - 5*h - 48. Let q be b(c). Let o = 421 + -169. Calculate the highest common factor of q and o.
28
Let x be 4/12 + 64/6. Let f = -82 - -107. Suppose x*r - 19 = f. What is the highest common factor of 1 and r?
1
Let s be ((-1708)/(-366))/(16/(-30) + 8/12). Suppose 3*q = q + 4. Suppose q*z = z + 7. What is the greatest common factor of z and s?
7
Let f be 6 + (-203)/35 + 1345526/70. Calculate the highest common divisor of 7 and f.
7
Let w(r) be the first derivative of 9 + 1/3*r**3 - 11*r - 6*r**2. Let u be w(13). What is the greatest common divisor of 3 and u?
1
Suppose 3 - 27 = -6*d. Suppose 2*g - 8 = -d*v, -3*g = 2*v - 6 + 2. Suppose 0 = -18*r - 124 + 268. Calculate the highest common divisor of r and v.
2
Let d = 23 + 6. Let t(c) = -6*c - 19. Suppose 33 = -5*r - 7. Let b be t(r). Calculate the highest common factor of b and d.
29
Suppose 5*d + 237 = 4*n + 234, 3 = 5*d - n. Calculate the highest common factor of 25 and d.
1
Let b = 93 - 93. Suppose b = -2*l + 40 - 36. Suppose -22 = -y - 3*q + 7, -l*y = 4*q - 60. Calculate the greatest common divisor of 112 and y.
16
Let i be 10164/(-35)*(-20)/8 + 4 + -1. Calculate the greatest common divisor of 6 and i.
3
Suppose -2*v + 11 = -13. Suppose -v = -x + 21. Suppose 5*h - 6*h = -x. Calculate the highest common divisor of 11 and h.
11
Suppose -2*z = 2*c - 3*c + 372, -5*c = -4*z - 1854. Suppose -4*k + 4*o - 9*o + 263 = 0, -5*k + 2*o = -c. Calculate the highest common divisor of k and 108.
36
Let v be 2/(-9) - (-560)/252. Suppose -5*i + 4*q - 5*q + 28 = 0, v*q + 4 = 0. Calculate the highest common divisor of i and 14.
2
Let n(v) = -8*v**2 + 85*v + 41. Let q be n(11). Let h(a) = -88*a + 8. Let z be h(-2). Calculate the highest common divisor of z and q.
8
Let b(k) = -k**3 - 14*k**2 + 7*k - 111. 